{"id":1166,"date":"2023-11-06T12:49:29","date_gmt":"2023-11-06T12:49:29","guid":{"rendered":"https:\/\/www.le34.dk\/ny-metrolinje-m5\/"},"modified":"2024-01-15T14:52:01","modified_gmt":"2024-01-15T14:52:01","slug":"ny-metrolinje-m5","status":"publish","type":"page","link":"https:\/\/www.le34.dk\/da\/ny-metrolinje-m5\/","title":{"rendered":"Fokus p\u00e5 social b\u00e6redygtighed i ny metrolinje"},"content":{"rendered":"<p>03.11.2023<br \/>\nDen mulige nye metrolinje M5 skal forbinde nye bydele og eksisterende omr\u00e5der i K\u00f8benhavn. LE34 skal sammen med COWI underst\u00f8tte Metroselskabet ved at st\u00e5 for forarbejdet med at sikre arealer og rettigheder til projektet, der forventes at blive et af de helt store infrastrukturprojekter i dansk historie.<\/p>\n<p>Moderne metropol<br \/>\nUdvidelsen af metroen med M5 forventes at best\u00e5 af ti stationer fra K\u00f8benhavn H via Islands Brygge, Amagerbrogade og Refshale\u00f8en til Lynetteholm og \u00d8sterport, hvilket vil indeb\u00e6re en havnekrydsning mellem K\u00f8benhavn H og Amager.\u00a0<br \/>\nDet er med andre ord en omfattende og kompleks anl\u00e6gsopgave, hvor vi som r\u00e5dgivere for Metroselskabet vil have fokus p\u00e5 er at sikre en god relation til alle naboer og ber\u00f8rte, s\u00e5 alle f\u00f8ler sig h\u00f8rt og inkluderet i udvidelsen af metroen.\u00a0<\/p>\n<p>Gert M Henningsen, partner og forretningschef, LE34:<br \/>\n\u201dMetroen er af kolossal betydning for vores hovedstad \u2013 b\u00e5de som symbol p\u00e5 en moderne metropol og som b\u00e6redygtig transportform. Vi er b\u00e5de stolte og glade for at blive betroet det vigtige arbejde med erhvervelse af arealer og rettigheder, hvor et inkluderende samarbejde med naboer til projektet er afg\u00f8rende.\u201d<\/p>\n<p>15 \u00e5rs erfaring fra de tidligere etaper<br \/>\nFor at kunne tilbyde Metroselskabet den n\u00f8dvendige indsigt, erfaring og nyt\u00e6nkning til den komplekse opgave med erhvervelse af arealer og rettigheder til M5 har LE34 sammen med COWI dannet et team, hvor vi bidrager med konkret erfaring fra samtlige af metroens etaper og ikke mindst fra 15 \u00e5rs samarbejde med Metroselskabet.<\/p>\n<p>Linjen er lagt<br \/>\nRammeaftalen er netop underskrevet af alle parter og l\u00f8ber over 15 \u00e5r. De indledende m\u00f8der mellem teamet og Metroselskabet er allerede datosat for i \u00e5r, og vi forventer at arbejdet p\u00e5 M5 starter primo 2024.<br \/>\n\u00a0<\/p>\n<p>M\u00f8d eksperterne<\/p>\n<p>Anna Sandmann Pedersen<br \/>\nGert M. Henningsen<\/p>\n","protected":false},"excerpt":{"rendered":"<p>03.11.2023 Den mulige nye metrolinje M5 skal forbinde nye bydele og eksisterende omr\u00e5der i K\u00f8benhavn. LE34 skal sammen med COWI underst\u00f8tte Metroselskabet ved at st\u00e5 for forarbejdet med at sikre arealer og rettigheder til projektet, der forventes at blive et af de helt store infrastrukturprojekter i dansk historie. Moderne metropol Udvidelsen af metroen med M5 [&hellip;]<\/p>\n","protected":false},"author":3,"featured_media":0,"parent":0,"menu_order":0,"comment_status":"closed","ping_status":"closed","template":"","meta":{"_acf_changed":false,"footnotes":""},"class_list":["post-1166","page","type-page","status-publish","hentry"],"acf":[],"yoast_head":"<!-- This site is optimized with the Yoast SEO plugin v27.5 - https:\/\/yoast.com\/product\/yoast-seo-wordpress\/ -->\n<title>Fokus p\u00e5 social b\u00e6redygtighed i ny metrolinje<\/title>\n<meta name=\"description\" content=\"LE34 og COWI skal hj\u00e6lpe Metroselskabet med at sikre arealer og rettigheder til den mulige nye metrolinje i K\u00f8benhavn, M5.\" \/>\n<meta name=\"robots\" content=\"index, follow, max-snippet:-1, max-image-preview:large, max-video-preview:-1\" \/>\n<link rel=\"canonical\" href=\"https:\/\/www.le34.dk\/da\/ny-metrolinje-m5\/\" \/>\n<meta property=\"og:locale\" content=\"da_DK\" \/>\n<meta property=\"og:type\" content=\"article\" \/>\n<meta property=\"og:title\" content=\"Fokus p\u00e5 social b\u00e6redygtighed i ny metrolinje\" \/>\n<meta property=\"og:description\" content=\"LE34 og COWI skal hj\u00e6lpe Metroselskabet med at sikre arealer og rettigheder til den mulige nye metrolinje i K\u00f8benhavn, M5.\" \/>\n<meta property=\"og:url\" content=\"https:\/\/www.le34.dk\/da\/ny-metrolinje-m5\/\" \/>\n<meta property=\"og:site_name\" content=\"LE34\" \/>\n<meta property=\"article:modified_time\" content=\"2024-01-15T14:52:01+00:00\" \/>\n<meta name=\"twitter:card\" content=\"summary_large_image\" \/>\n<meta name=\"twitter:label1\" content=\"Estimeret l\u00e6setid\" \/>\n\t<meta name=\"twitter:data1\" content=\"2 minutter\" \/>\n<script type=\"application\/ld+json\" class=\"yoast-schema-graph\">{\"@context\":\"https:\\\/\\\/schema.org\",\"@graph\":[{\"@type\":\"WebPage\",\"@id\":\"https:\\\/\\\/www.le34.dk\\\/da\\\/ny-metrolinje-m5\\\/\",\"url\":\"https:\\\/\\\/www.le34.dk\\\/da\\\/ny-metrolinje-m5\\\/\",\"name\":\"Fokus p\u00e5 social b\u00e6redygtighed i ny metrolinje\",\"isPartOf\":{\"@id\":\"https:\\\/\\\/www.le34.dk\\\/da\\\/#website\"},\"datePublished\":\"2023-11-06T12:49:29+00:00\",\"dateModified\":\"2024-01-15T14:52:01+00:00\",\"description\":\"LE34 og COWI skal hj\u00e6lpe Metroselskabet med at sikre arealer og rettigheder til den mulige nye metrolinje i K\u00f8benhavn, M5.\",\"breadcrumb\":{\"@id\":\"https:\\\/\\\/www.le34.dk\\\/da\\\/ny-metrolinje-m5\\\/#breadcrumb\"},\"inLanguage\":\"da-DK\",\"potentialAction\":[{\"@type\":\"ReadAction\",\"target\":[\"https:\\\/\\\/www.le34.dk\\\/da\\\/ny-metrolinje-m5\\\/\"]}]},{\"@type\":\"BreadcrumbList\",\"@id\":\"https:\\\/\\\/www.le34.dk\\\/da\\\/ny-metrolinje-m5\\\/#breadcrumb\",\"itemListElement\":[{\"@type\":\"ListItem\",\"position\":1,\"name\":\"Home\",\"item\":\"https:\\\/\\\/www.le34.dk\\\/da\\\/\"},{\"@type\":\"ListItem\",\"position\":2,\"name\":\"Fokus p\u00e5 social b\u00e6redygtighed i ny metrolinje\"}]},{\"@type\":\"WebSite\",\"@id\":\"https:\\\/\\\/www.le34.dk\\\/da\\\/#website\",\"url\":\"https:\\\/\\\/www.le34.dk\\\/da\\\/\",\"name\":\"LE34\",\"description\":\"\",\"potentialAction\":[{\"@type\":\"SearchAction\",\"target\":{\"@type\":\"EntryPoint\",\"urlTemplate\":\"https:\\\/\\\/www.le34.dk\\\/da\\\/?s={search_term_string}\"},\"query-input\":{\"@type\":\"PropertyValueSpecification\",\"valueRequired\":true,\"valueName\":\"search_term_string\"}}],\"inLanguage\":\"da-DK\"}]}<\/script>\n<!-- \/ Yoast SEO plugin. -->","yoast_head_json":{"title":"Fokus p\u00e5 social b\u00e6redygtighed i ny metrolinje","description":"LE34 og COWI skal hj\u00e6lpe Metroselskabet med at sikre arealer og rettigheder til den mulige nye metrolinje i K\u00f8benhavn, M5.","robots":{"index":"index","follow":"follow","max-snippet":"max-snippet:-1","max-image-preview":"max-image-preview:large","max-video-preview":"max-video-preview:-1"},"canonical":"https:\/\/www.le34.dk\/da\/ny-metrolinje-m5\/","og_locale":"da_DK","og_type":"article","og_title":"Fokus p\u00e5 social b\u00e6redygtighed i ny metrolinje","og_description":"LE34 og COWI skal hj\u00e6lpe Metroselskabet med at sikre arealer og rettigheder til den mulige nye metrolinje i K\u00f8benhavn, M5.","og_url":"https:\/\/www.le34.dk\/da\/ny-metrolinje-m5\/","og_site_name":"LE34","article_modified_time":"2024-01-15T14:52:01+00:00","twitter_card":"summary_large_image","twitter_misc":{"Estimeret l\u00e6setid":"2 minutter"},"schema":{"@context":"https:\/\/schema.org","@graph":[{"@type":"WebPage","@id":"https:\/\/www.le34.dk\/da\/ny-metrolinje-m5\/","url":"https:\/\/www.le34.dk\/da\/ny-metrolinje-m5\/","name":"Fokus p\u00e5 social b\u00e6redygtighed i ny metrolinje","isPartOf":{"@id":"https:\/\/www.le34.dk\/da\/#website"},"datePublished":"2023-11-06T12:49:29+00:00","dateModified":"2024-01-15T14:52:01+00:00","description":"LE34 og COWI skal hj\u00e6lpe Metroselskabet med at sikre arealer og rettigheder til den mulige nye metrolinje i K\u00f8benhavn, M5.","breadcrumb":{"@id":"https:\/\/www.le34.dk\/da\/ny-metrolinje-m5\/#breadcrumb"},"inLanguage":"da-DK","potentialAction":[{"@type":"ReadAction","target":["https:\/\/www.le34.dk\/da\/ny-metrolinje-m5\/"]}]},{"@type":"BreadcrumbList","@id":"https:\/\/www.le34.dk\/da\/ny-metrolinje-m5\/#breadcrumb","itemListElement":[{"@type":"ListItem","position":1,"name":"Home","item":"https:\/\/www.le34.dk\/da\/"},{"@type":"ListItem","position":2,"name":"Fokus p\u00e5 social b\u00e6redygtighed i ny metrolinje"}]},{"@type":"WebSite","@id":"https:\/\/www.le34.dk\/da\/#website","url":"https:\/\/www.le34.dk\/da\/","name":"LE34","description":"","potentialAction":[{"@type":"SearchAction","target":{"@type":"EntryPoint","urlTemplate":"https:\/\/www.le34.dk\/da\/?s={search_term_string}"},"query-input":{"@type":"PropertyValueSpecification","valueRequired":true,"valueName":"search_term_string"}}],"inLanguage":"da-DK"}]}},"_links":{"self":[{"href":"https:\/\/www.le34.dk\/da\/wp-json\/wp\/v2\/pages\/1166","targetHints":{"allow":["GET"]}}],"collection":[{"href":"https:\/\/www.le34.dk\/da\/wp-json\/wp\/v2\/pages"}],"about":[{"href":"https:\/\/www.le34.dk\/da\/wp-json\/wp\/v2\/types\/page"}],"author":[{"embeddable":true,"href":"https:\/\/www.le34.dk\/da\/wp-json\/wp\/v2\/users\/3"}],"replies":[{"embeddable":true,"href":"https:\/\/www.le34.dk\/da\/wp-json\/wp\/v2\/comments?post=1166"}],"version-history":[{"count":1,"href":"https:\/\/www.le34.dk\/da\/wp-json\/wp\/v2\/pages\/1166\/revisions"}],"predecessor-version":[{"id":12824,"href":"https:\/\/www.le34.dk\/da\/wp-json\/wp\/v2\/pages\/1166\/revisions\/12824"}],"wp:attachment":[{"href":"https:\/\/www.le34.dk\/da\/wp-json\/wp\/v2\/media?parent=1166"}],"curies":[{"name":"wp","href":"https:\/\/api.w.org\/{rel}","templated":true}]}}

Fokus på social bæredygtighed i ny metrolinje

<p>03.11.2023<br />
Den mulige nye metrolinje M5 skal forbinde nye bydele og eksisterende områder i København. LE34 skal sammen med COWI understøtte Metroselskabet ved at stå for forarbejdet med at sikre arealer og rettigheder til projektet, der forventes at blive et af de helt store infrastrukturprojekter i dansk historie.</p>
<p>Moderne metropol<br />
Udvidelsen af metroen med M5 forventes at bestå af ti stationer fra København H via Islands Brygge, Amagerbrogade og Refshaleøen til Lynetteholm og Østerport, hvilket vil indebære en havnekrydsning mellem København H og Amager. <br />
Det er med andre ord en omfattende og kompleks anlægsopgave, hvor vi som rådgivere for Metroselskabet vil have fokus på er at sikre en god relation til alle naboer og berørte, så alle føler sig hørt og inkluderet i udvidelsen af metroen. </p>
<p>Gert M Henningsen, partner og forretningschef, LE34:<br />
”Metroen er af kolossal betydning for vores hovedstad – både som symbol på en moderne metropol og som bæredygtig transportform. Vi er både stolte og glade for at blive betroet det vigtige arbejde med erhvervelse af arealer og rettigheder, hvor et inkluderende samarbejde med naboer til projektet er afgørende.”</p>
<p>15 års erfaring fra de tidligere etaper<br />
For at kunne tilbyde Metroselskabet den nødvendige indsigt, erfaring og nytænkning til den komplekse opgave med erhvervelse af arealer og rettigheder til M5 har LE34 sammen med COWI dannet et team, hvor vi bidrager med konkret erfaring fra samtlige af metroens etaper og ikke mindst fra 15 års samarbejde med Metroselskabet.</p>
<p>Linjen er lagt<br />
Rammeaftalen er netop underskrevet af alle parter og løber over 15 år. De indledende møder mellem teamet og Metroselskabet er allerede datosat for i år, og vi forventer at arbejdet på M5 starter primo 2024.<br />
 </p>
<p>Mød eksperterne</p>
<p>Anna Sandmann Pedersen<br />
Gert M. Henningsen</p>

<p>03.11.2023 Den mulige nye metrolinje M5 skal forbinde nye bydele og eksisterende områder i København. LE34 skal sammen med COWI understøtte Metroselskabet ved at stå for forarbejdet med at sikre arealer og rettigheder til projektet, der forventes at blive et af de helt store infrastrukturprojekter i dansk historie. Moderne metropol Udvidelsen af metroen med M5 [&hellip;]</p>

<!-- This site is optimized with the Yoast SEO plugin v27.5 - https://yoast.com/product/yoast-seo-wordpress/ -->
<title>Fokus på social bæredygtighed i ny metrolinje</title>
<meta name="description" content="LE34 og COWI skal hjælpe Metroselskabet med at sikre arealer og rettigheder til den mulige nye metrolinje i København, M5." />
<meta name="robots" content="index, follow, max-snippet:-1, max-image-preview:large, max-video-preview:-1" />
<link rel="canonical" href="https://www.le34.dk/da/ny-metrolinje-m5/" />
<meta property="og:locale" content="da_DK" />
<meta property="og:type" content="article" />
<meta property="og:title" content="Fokus på social bæredygtighed i ny metrolinje" />
<meta property="og:description" content="LE34 og COWI skal hjælpe Metroselskabet med at sikre arealer og rettigheder til den mulige nye metrolinje i København, M5." />
<meta property="og:url" content="https://www.le34.dk/da/ny-metrolinje-m5/" />
<meta property="og:site_name" content="LE34" />
<meta property="article:modified_time" content="2024-01-15T14:52:01+00:00" />
<meta name="twitter:card" content="summary_large_image" />
<meta name="twitter:label1" content="Estimeret læsetid" />
	<meta name="twitter:data1" content="2 minutter" />
<script type="application/ld+json" class="yoast-schema-graph">{"@context":"https:\/\/schema.org","@graph":[{"@type":"WebPage","@id":"https:\/\/www.le34.dk\/da\/ny-metrolinje-m5\/","url":"https:\/\/www.le34.dk\/da\/ny-metrolinje-m5\/","name":"Fokus på social bæredygtighed i ny metrolinje","isPartOf":{"@id":"https:\/\/www.le34.dk\/da\/#website"},"datePublished":"2023-11-06T12:49:29+00:00","dateModified":"2024-01-15T14:52:01+00:00","description":"LE34 og COWI skal hjælpe Metroselskabet med at sikre arealer og rettigheder til den mulige nye metrolinje i København, M5.","breadcrumb":{"@id":"https:\/\/www.le34.dk\/da\/ny-metrolinje-m5\/#breadcrumb"},"inLanguage":"da-DK","potentialAction":[{"@type":"ReadAction","target":["https:\/\/www.le34.dk\/da\/ny-metrolinje-m5\/"]}]},{"@type":"BreadcrumbList","@id":"https:\/\/www.le34.dk\/da\/ny-metrolinje-m5\/#breadcrumb","itemListElement":[{"@type":"ListItem","position":1,"name":"Home","item":"https:\/\/www.le34.dk\/da\/"},{"@type":"ListItem","position":2,"name":"Fokus på social bæredygtighed i ny metrolinje"}]},{"@type":"WebSite","@id":"https:\/\/www.le34.dk\/da\/#website","url":"https:\/\/www.le34.dk\/da\/","name":"LE34","description":"","potentialAction":[{"@type":"SearchAction","target":{"@type":"EntryPoint","urlTemplate":"https:\/\/www.le34.dk\/da\/?s={search_term_string}"},"query-input":{"@type":"PropertyValueSpecification","valueRequired":true,"valueName":"search_term_string"}}],"inLanguage":"da-DK"}]}</script>
<!-- / Yoast SEO plugin. -->

LE34 og COWI skal hjælpe Metroselskabet med at sikre arealer og rettigheder til den mulige nye metrolinje i København, M5.
